e hundred thousands digit of 7053147?
0
What is the units digit of 582452?
2
What is the tens digit of 183030?
3
What is the tens digit of 4325669?
6
What is the ten thousands digit of 3286739?
8
What is the units digit of 23984?
4
What is the tens digit of 187574?
7
What is the ten thousands digit of 418918?
1
What is the millions digit of 2039282?
2
What is the thousands digit of 1993680?
3
What is the ten thousands digit of 638237?
3
What is the thousands digit of 4995470?
5
What is the thousands digit of 363973?
3
What is the hundred thousands digit of 283663?
2
What is the thousands digit of 116060?
6
What is the hundreds digit of 334742?
7
What is the ten thousands digit of 336604?
3
What is the tens digit of 241426?
2
What is the hundred thousands digit of 1140973?
1
What is the hundreds digit of 69518?
5
What is the tens digit of 845779?
7
What is the hundred thousands digit of 848216?
8
What is the units digit of 260990?
0
What is the units digit of 4118499?
9
What is the ten thousands digit of 23673?
2
What is the ten thousands digit of 100989?
0
What is the thousands digit of 6422871?
2
What is the units digit of 494869?
9
What is the ten thousands digit of 235937?
3
What is the ten thousands digit of 1586055?
8
What is the ten thousands digit of 28637445?
3
What is the hundred thousands digit of 1923873?
9
What is the tens digit of 365211?
1
What is the tens digit of 2449868?
6
What is the tens digit of 7812495?
9
What is the millions digit of 1720184?
1
What is the tens digit of 188072?
7
What is the ten thousands digit of 2239547?
3
What is the ten thousands digit of 7358713?
5
What is the hundred thousands digit of 21398419?
3
What is the hundred thousands digit of 2757278?
7
What is the ten thousands digit of 9310965?
1
What is the ten thousands digit of 6858812?
5
What is the tens digit of 6845776?
7
What is the ten thousands digit of 236089?
3
What is the tens digit of 427613?
1
What is the hundreds digit of 991954?
9
What is the units digit of 25484?
4
What is the hundred thousands digit of 9210018?
2
What is the ten thousands digit of 154064?
5
What is the millions digit of 1243694?
1
What is the tens digit of 426120?
2
What is the tens digit of 788880?
8
What is the hundred thousands digit of 11546267?
5
What is the millions digit of 3049498?
3
What is the tens digit of 681103?
0
What is the ten thousands digit of 43823?
4
What is the hundreds digit of 273934?
9
What is the ten thousands digit of 86416?
8
What is the millions digit of 1794225?
1
What is the units digit of 294892?
2
What is the tens digit of 2337227?
2
What is the units digit of 6199308?
8
What is the tens digit of 1052006?
0
What is the units digit of 1398830?
0
What is the ten thousands digit of 1383266?
8
What is the thousands digit of 1509480?
9
What is the thousands digit of 881775?
1
What is the millions digit of 1230209?
1
What is the millions digit of 13205967?
3
What is the ten millions digit of 35602109?
3
What is the thousands digit of 342188?
2
What is the thousands digit of 1050449?
0
What is the thousands digit of 459281?
9
What is the thousands digit of 1244673?
4
What is the hundred thousands digit of 505997?
5
What is the thousands digit of 263559?
3
What is the hundred thousands digit of 2555404?
5
What is the tens digit of 2903828?
2
What is the hundred thousands digit of 754389?
7
What is the units digit of 3724331?
1
What is the tens digit of 2516162?
6
What is the units digit of 149745?
5
What is the units digit of 247983?
3
What is the thousands digit of 394727?
4
What is the millions digit of 11387918?
1
What is the hundreds digit of 237424?
4
What is the hundreds digit of 1171843?
8
What is the tens digit of 2314128?
2
What is the units digit of 902827?
7
What is the hundreds digit of 2691866?
8
What is the tens digit of 9826527?
2
What is the thousands digit of 1730032?
0
What is the millions digit of 1271897?
1
What is the millions digit of 3726243?
3
What is the hundred thousands digit of 7693663?
6
What is the units digit of 66914?
4
What is the hundreds digit of 205647?
6
What is the hundreds digit of 933226?
2
What is the ten thousands digit of 690269?
9
What is the thousands digit of 271877?
1
What is the units digit of 848972?
2
What is the ten thousands digit of 403556?
0
What is the tens digit of 766611?
1
What is the hundred thousands digit of 4513444?
5
What is the thousands digit of 541107?
1
What is the tens digit of 115090?
9
What is the units digit of 3157741?
1
What is the tens digit of 191080?
8
What is the millions digit of 2701351?
2
What is the units digit of 222123?
3
What is the units digit of 2976000?
0
What is the ten thousands digit of 109252?
0
What is the thousands digit of 2159893?
9
What is the hundred thousands digit of 581617?
5
What is the millions digit of 3650171?
3
What is the thousands digit of 325385?
5
What is the hundred thousands digit of 1944548?
9
What is the ten thousands digit of 10616188?
1
What is the ten millions digit of 14185962?
1
What is the thousands digit of 14805709?
5
What is the ten thousands digit of 4043059?
4
What is the tens digit of 1919491?
9
What is the ten thousands digit of 6718098?
1
What is the units digit of 1047655?
5
What is the hundreds digit of 295143?
1
What is the hundred thousands digit of 2104000?
1
What is the ten thousands digit of 11173696?
7
What is the ten millions digit of 28929439?
2
What is the hundreds digit of 1045445?
4
What is the units digit of 96641?
1
What is the tens digit of 1935741?
4
What is the hundred thousands digit of 7162301?
1
What is the hundreds digit of 212724?
7
What is the tens digit of 6009221?
2
What is the hundred thousands digit of 10497415?
4
What is the hundred thousands digit of 1056902?
0
What is the ten thousands digit of 10456872?
5
What is the tens digit of 265154?
5
What is the millions digit of 1592531?
1
What is the hundred thousands digit of 12869198?
8
What is the millions digit of 4536389?
4
What is the hundreds digit of 428113?
1
What is the millions digit of 2650791?
2
What is the ten thousands digit of 776048?
7
What is the ten thousands digit of 816533?
1
What is the hundred thousands digit of 3492854?
4
What is the thousands digit of 3410620?
0
What is the ten thousands digit of 221231?
2
What is the ten thousands digit of 705255?
0
What is the ten thousands digit of 30158915?
5
What is the tens digit of 29343?
4
What is the hundreds digit of 5254768?
7
What is the thousands digit of 6591235?
1
What is the hundred thousands digit of 1161018?
1
What is the units digit of 526512?
2
What is the hundreds digit of 2204583?
5
What is the ten thousands digit of 1173678?
7
What is the ten thousands digit of 97086?
9
What is the thousands digit of 11665910?
5
What is the units digit of 707539?
9
What is the units digit of 2263294?
4
What is the thousands digit of 411096?
1
What is the units digit of 958601?
1
What is the thousands digit of 980586?
0
What is the thousands digit of 2878341?
8
What is the millions digit of 1032556?
1
What is the tens digit of 124994?
9
What is the ten thousands digit of 13545148?
4
What is the units digit of 211123?
3
What is the tens digit of 124000?
0
What is the tens digit of 7352582?
8
What is the hundred thousands digit of 1096136?
0
What is the tens digit of 4759754?
5
What is the tens digit of 752190?
9
What is the tens digit of 7823806?
0
What is the ten thousands digit of 320628?
2
What is the hundred thousands digit of 1675264?
6
What is the hundred thousands digit of 7277889?
2
What is the tens digit of 1682074?
7
What is the thousands digit of 111377?
1
What is the tens digit of 280822?
2
What is the tens digit of 4234652?
5
What is the tens digit of 3639670?
7
What is the tens digit of 30244?
4
What is the hundred thousands digit of 31459754?
4
What is the thousands digit of 984606?
4
What is the ten thousands digit of 659828?
5
What is the units digit of 711195?
5
What is the thousands digit of 2597960?
7
What is the tens digit of 1369767?
6
What is the tens digit of 23276308?
0
What is the ten thousands digit of 20837776?
3
What is the ten thousands digit of 2474731?
7
What is the tens digit of 12476982?
8
What is the millions digit of 10983567?
0
What is the ten m